{"id":582,"date":"2025-03-24T13:31:05","date_gmt":"2025-03-24T13:31:05","guid":{"rendered":"http:\/\/dr-cim.local\/?page_id=582"},"modified":"2026-03-17T13:27:53","modified_gmt":"2026-03-17T13:27:53","slug":"home","status":"publish","type":"page","link":"https:\/\/cimcorretora.com.br\/drcimtelemedicina\/","title":{"rendered":"Home"},"content":{"rendered":"","protected":false},"excerpt":{"rendered":"","protected":false},"author":1,"featured_media":0,"parent":0,"menu_order":0,"comment_status":"closed","ping_status":"closed","template":"page-home.php","meta":{"_acf_changed":false,"inline_featured_image":false,"_joinchat":[],"footnotes":""},"class_list":["post-582","page","type-page","status-publish","hentry"],"acf":[],"yoast_head":"<!-- This site is optimized with the Yoast SEO plugin v25.1 - https:\/\/yoast.com\/wordpress\/plugins\/seo\/ -->\n<title>Home - Dr. Cim Telemedicina - Atendimento via v\u00eddeo chamada<\/title>\n<meta name=\"robots\" content=\"index, follow, max-snippet:-1, max-image-preview:large, max-video-preview:-1\" \/>\n<link rel=\"canonical\" href=\"https:\/\/cimcorretora.com.br\/drcimtelemedicina\/\" \/>\n<meta property=\"og:locale\" content=\"pt_BR\" \/>\n<meta property=\"og:type\" content=\"article\" \/>\n<meta property=\"og:title\" content=\"Home - Dr. Cim Telemedicina - Atendimento via v\u00eddeo chamada\" \/>\n<meta property=\"og:url\" content=\"https:\/\/cimcorretora.com.br\/drcimtelemedicina\/\" \/>\n<meta property=\"og:site_name\" content=\"Dr. Cim Telemedicina - Atendimento via v\u00eddeo chamada\" \/>\n<meta property=\"article:publisher\" content=\"https:\/\/www.facebook.com\/dr.cimtelemedicina\/\" \/>\n<meta property=\"article:modified_time\" content=\"2026-03-17T13:27:53+00:00\" \/>\n<meta name=\"twitter:card\" content=\"summary_large_image\" \/>\n<script type=\"application\/ld+json\" class=\"yoast-schema-graph\">{\"@context\":\"https:\/\/schema.org\",\"@graph\":[{\"@type\":\"WebPage\",\"@id\":\"https:\/\/cimcorretora.com.br\/drcimtelemedicina\/\",\"url\":\"https:\/\/cimcorretora.com.br\/drcimtelemedicina\/\",\"name\":\"Home - Dr. Cim Telemedicina - Atendimento via v\u00eddeo chamada\",\"isPartOf\":{\"@id\":\"https:\/\/cimcorretora.com.br\/drcimtelemedicina\/#website\"},\"datePublished\":\"2025-03-24T13:31:05+00:00\",\"dateModified\":\"2026-03-17T13:27:53+00:00\",\"breadcrumb\":{\"@id\":\"https:\/\/cimcorretora.com.br\/drcimtelemedicina\/#breadcrumb\"},\"inLanguage\":\"pt-BR\",\"potentialAction\":[{\"@type\":\"ReadAction\",\"target\":[\"https:\/\/cimcorretora.com.br\/drcimtelemedicina\/\"]}]},{\"@type\":\"BreadcrumbList\",\"@id\":\"https:\/\/cimcorretora.com.br\/drcimtelemedicina\/#breadcrumb\",\"itemListElement\":[{\"@type\":\"ListItem\",\"position\":1,\"name\":\"In\u00edcio\",\"item\":\"https:\/\/cimcorretora.com.br\/drcimtelemedicina\/\"},{\"@type\":\"ListItem\",\"position\":2,\"name\":\"Home\"}]},{\"@type\":\"WebSite\",\"@id\":\"https:\/\/cimcorretora.com.br\/drcimtelemedicina\/#website\",\"url\":\"https:\/\/cimcorretora.com.br\/drcimtelemedicina\/\",\"name\":\"Dr. Cim\",\"description\":\"Deixe de depender do SUS e dos postos de sa\u00fade para um bom atendimento m\u00e9dico. Com o Dr. Cim, voc\u00ea pode ter consultas ilimitadas com especialistas renomados, tudo no conforto do seu lar.\",\"publisher\":{\"@id\":\"https:\/\/cimcorretora.com.br\/drcimtelemedicina\/#organization\"},\"potentialAction\":[{\"@type\":\"SearchAction\",\"target\":{\"@type\":\"EntryPoint\",\"urlTemplate\":\"https:\/\/cimcorretora.com.br\/drcimtelemedicina\/?s={search_term_string}\"},\"query-input\":{\"@type\":\"PropertyValueSpecification\",\"valueRequired\":true,\"valueName\":\"search_term_string\"}}],\"inLanguage\":\"pt-BR\"},{\"@type\":\"Organization\",\"@id\":\"https:\/\/cimcorretora.com.br\/drcimtelemedicina\/#organization\",\"name\":\"Dr. Cim\",\"url\":\"https:\/\/cimcorretora.com.br\/drcimtelemedicina\/\",\"logo\":{\"@type\":\"ImageObject\",\"inLanguage\":\"pt-BR\",\"@id\":\"https:\/\/cimcorretora.com.br\/drcimtelemedicina\/#\/schema\/logo\/image\/\",\"url\":\"https:\/\/cimcorretora.com.br\/teste\/wp-content\/uploads\/2025\/03\/Dr-Cin-Capa-1.png\",\"contentUrl\":\"https:\/\/cimcorretora.com.br\/teste\/wp-content\/uploads\/2025\/03\/Dr-Cin-Capa-1.png\",\"width\":282,\"height\":112,\"caption\":\"Dr. Cim\"},\"image\":{\"@id\":\"https:\/\/cimcorretora.com.br\/drcimtelemedicina\/#\/schema\/logo\/image\/\"},\"sameAs\":[\"https:\/\/www.facebook.com\/dr.cimtelemedicina\/\"]}]}<\/script>\n<!-- \/ Yoast SEO plugin. -->","yoast_head_json":{"title":"Home - Dr. Cim Telemedicina - Atendimento via v\u00eddeo chamada","robots":{"index":"index","follow":"follow","max-snippet":"max-snippet:-1","max-image-preview":"max-image-preview:large","max-video-preview":"max-video-preview:-1"},"canonical":"https:\/\/cimcorretora.com.br\/drcimtelemedicina\/","og_locale":"pt_BR","og_type":"article","og_title":"Home - Dr. Cim Telemedicina - Atendimento via v\u00eddeo chamada","og_url":"https:\/\/cimcorretora.com.br\/drcimtelemedicina\/","og_site_name":"Dr. Cim Telemedicina - Atendimento via v\u00eddeo chamada","article_publisher":"https:\/\/www.facebook.com\/dr.cimtelemedicina\/","article_modified_time":"2026-03-17T13:27:53+00:00","twitter_card":"summary_large_image","schema":{"@context":"https:\/\/schema.org","@graph":[{"@type":"WebPage","@id":"https:\/\/cimcorretora.com.br\/drcimtelemedicina\/","url":"https:\/\/cimcorretora.com.br\/drcimtelemedicina\/","name":"Home - Dr. Cim Telemedicina - Atendimento via v\u00eddeo chamada","isPartOf":{"@id":"https:\/\/cimcorretora.com.br\/drcimtelemedicina\/#website"},"datePublished":"2025-03-24T13:31:05+00:00","dateModified":"2026-03-17T13:27:53+00:00","breadcrumb":{"@id":"https:\/\/cimcorretora.com.br\/drcimtelemedicina\/#breadcrumb"},"inLanguage":"pt-BR","potentialAction":[{"@type":"ReadAction","target":["https:\/\/cimcorretora.com.br\/drcimtelemedicina\/"]}]},{"@type":"BreadcrumbList","@id":"https:\/\/cimcorretora.com.br\/drcimtelemedicina\/#breadcrumb","itemListElement":[{"@type":"ListItem","position":1,"name":"In\u00edcio","item":"https:\/\/cimcorretora.com.br\/drcimtelemedicina\/"},{"@type":"ListItem","position":2,"name":"Home"}]},{"@type":"WebSite","@id":"https:\/\/cimcorretora.com.br\/drcimtelemedicina\/#website","url":"https:\/\/cimcorretora.com.br\/drcimtelemedicina\/","name":"Dr. Cim","description":"Deixe de depender do SUS e dos postos de sa\u00fade para um bom atendimento m\u00e9dico. Com o Dr. Cim, voc\u00ea pode ter consultas ilimitadas com especialistas renomados, tudo no conforto do seu lar.","publisher":{"@id":"https:\/\/cimcorretora.com.br\/drcimtelemedicina\/#organization"},"potentialAction":[{"@type":"SearchAction","target":{"@type":"EntryPoint","urlTemplate":"https:\/\/cimcorretora.com.br\/drcimtelemedicina\/?s={search_term_string}"},"query-input":{"@type":"PropertyValueSpecification","valueRequired":true,"valueName":"search_term_string"}}],"inLanguage":"pt-BR"},{"@type":"Organization","@id":"https:\/\/cimcorretora.com.br\/drcimtelemedicina\/#organization","name":"Dr. Cim","url":"https:\/\/cimcorretora.com.br\/drcimtelemedicina\/","logo":{"@type":"ImageObject","inLanguage":"pt-BR","@id":"https:\/\/cimcorretora.com.br\/drcimtelemedicina\/#\/schema\/logo\/image\/","url":"https:\/\/cimcorretora.com.br\/teste\/wp-content\/uploads\/2025\/03\/Dr-Cin-Capa-1.png","contentUrl":"https:\/\/cimcorretora.com.br\/teste\/wp-content\/uploads\/2025\/03\/Dr-Cin-Capa-1.png","width":282,"height":112,"caption":"Dr. Cim"},"image":{"@id":"https:\/\/cimcorretora.com.br\/drcimtelemedicina\/#\/schema\/logo\/image\/"},"sameAs":["https:\/\/www.facebook.com\/dr.cimtelemedicina\/"]}]}},"_links":{"self":[{"href":"https:\/\/cimcorretora.com.br\/drcimtelemedicina\/wp-json\/wp\/v2\/pages\/582","targetHints":{"allow":["GET"]}}],"collection":[{"href":"https:\/\/cimcorretora.com.br\/drcimtelemedicina\/wp-json\/wp\/v2\/pages"}],"about":[{"href":"https:\/\/cimcorretora.com.br\/drcimtelemedicina\/wp-json\/wp\/v2\/types\/page"}],"author":[{"embeddable":true,"href":"https:\/\/cimcorretora.com.br\/drcimtelemedicina\/wp-json\/wp\/v2\/users\/1"}],"replies":[{"embeddable":true,"href":"https:\/\/cimcorretora.com.br\/drcimtelemedicina\/wp-json\/wp\/v2\/comments?post=582"}],"version-history":[{"count":16,"href":"https:\/\/cimcorretora.com.br\/drcimtelemedicina\/wp-json\/wp\/v2\/pages\/582\/revisions"}],"predecessor-version":[{"id":697,"href":"https:\/\/cimcorretora.com.br\/drcimtelemedicina\/wp-json\/wp\/v2\/pages\/582\/revisions\/697"}],"wp:attachment":[{"href":"https:\/\/cimcorretora.com.br\/drcimtelemedicina\/wp-json\/wp\/v2\/media?parent=582"}],"curies":[{"name":"wp","href":"https:\/\/api.w.org\/{rel}","templated":true}]}}